10?
-113111
In base 7, what is 41 - -2?
43
In base 10, what is -1 - -307?
306
In base 12, what is -61 - 6a?
-10b
In base 10, what is 1 - 1394?
-1393
In base 8, what is 0 + -17?
-17
In base 14, what is 1 + -86?
-85
In base 12, what is -1 - -814?
813
In base 13, what is 3 + -290?
-28a
In base 5, what is 2104 - -2?
2111
In base 13, what is -2 - b7a?
-b7c
In base 7, what is -3 + -22?
-25
In base 5, what is 21132 - 1?
21131
In base 4, what is 110123 + 11?
110200
In base 6, what is 1452 - 3?
1445
In base 13, what is 2 - 28?
-26
In base 15, what is -191 + 1?
-190
In base 10, what is 10 - 108?
-98
In base 7, what is -333 - -31?
-302
In base 12, what is 136 - 3?
133
In base 2, what is -1010111001 - 10101?
-1011001110
In base 3, what is 122 - -1?
200
In base 6, what is 4245 + -3?
4242
In base 3, what is -21 + -21122?
-21220
In base 8, what is 0 + 224?
224
In base 5, what is 4122 + 4?
4131
In base 3, what is 10102020 - -2?
10102022
In base 4, what is -2013 - 3?
-2022
In base 16, what is -132 + 0?
-132
In base 7, what is -16 + 11?
-5
In base 3, what is -12002 - 12?
-12021
In base 10, what is -5 - -46?
41
In base 16, what is a + -4c?
-42
In base 10, what is 622 + -5?
617
In base 13, what is 4b - -8?
56
In base 16, what is 5e5e - 5?
5e59
In base 13, what is -13 - c1?
-104
In base 2, what is 101 + 1101000?
1101101
In base 10, what is 4 - -1150?
1154
In base 10, what is -92 + -7?
-99
In base 8, what is 4750 + -3?
4745
In base 15, what is 0 + -407?
-407
In base 10, what is -244 - 11?
-255
In base 15, what is a - -7?
12
In base 5, what is 10 - 300?
-240
In base 12, what is 74 + -a?
66
In base 12, what is -4 + -288?
-290
In base 8, what is 4326 - 1?
4325
In base 6, what is -13 + 34?
21
In base 15, what is -cb - 5?
-d1
In base 16, what is -1 + 545?
544
In base 14, what is 13 - -7?
1a
In base 3, what is -11022 + 21?
-11001
In base 5, what is 4 + 21210?
21214
In base 14, what is 21 + -10?
11
In base 8, what is 3 + 67?
72
In base 16, what is 560 + 3?
563
In base 8, what is 750 - -1?
751
In base 4, what is -22 - 1?
-23
In base 3, what is 101220 + 0?
101220
In base 12, what is 1 - 42?
-41
In base 9, what is 0 - 44?
-44
In base 8, what is 252 + -4?
246
In base 8, what is 634 - 0?
634
In base 12, what is -2a + 4?
-26
In base 12, what is -2 + -4?
-6
In base 3, what is -20111 - 11?
-20122
In base 14, what is -6a + -1?
-6b
In base 5, what is -434013 + 2?
-434011
In base 13, what is -3 + -375?
-378
In base 6, what is 5 + 100?
105
In base 2, what is 11110 - 10000?
1110
In base 15, what is -36 - a?
-41
In base 13, what is 15 + b?
23
In base 9, what is -201 - -2?
-188
In base 5, what is 34412 + 4?
34421
In base 11, what is -645 - -2?
-643
In base 4, what is 110 - 12?
32
In base 10, what is 3 - -674?
677
In base 13, what is -1 - 226c?
-2270
In base 2, what is 101101 + 1011?
111000
In base 5, what is 114301 - 1?
114300
In base 2, what is -1010111111 + -100?
-1011000011
In base 8, what is 1171 + -1?
1170
In base 11, what is -398 - 2?
-39a
In base 7, what is 216 - 5?
211
In base 5, what is 1321 + -14?
1302
In base 5, what is 124 + -31?
43
In base 3, what is -1 + 10110121?
10110120
In base 10, what is 5 - -607?
612
In base 16, what is -12c + -1?
-12d
In base 16, what is -7 + -e3?
-ea
In base 2, what is -11 + 11001111000?
11001110101
In base 7, what is 5 - 65?
-60
In base 12, what is -7 + 289?
282
In base 16, what is 3 - -19c?
19f
In base 2, what is -1 - 1110000000?
-1110000001
In base 2, what is -10111001 - 101?
-10111110
In base 12, what is -133 - 3?
-136
In base 6, what is -5 + 250?
241
In base 5, what is 3 + -3214?
-3211
In base 9, what is 314 + -20?
284
In base 15, what is 235 + -c?
228
In base 13, what is 3 - -7b0?
7b3
In base 8, what is -2 - -1103?
1101
In base 11, what is 27 - -a3?
11a
In base 15, what is 120 - 5?
11a
In base 6, what is -20425 + 4?
-20421
In base 9, what is 662 + 2?
664
In base 3, what is -2202 + -10?
-2212
In base 7, what is 151 - 133?
15
In base 4, what is 2021 + 1?
2022
In base 4, what is -101 - -103?
2
In base 11, what is 115 - -4?
119
In base 14, what is 3 - -654?
657
In base 4, what is 3030303 - 10?
3030233
In base 9, what is -446 + 12?
-434
In base 7, what is 33 + -311?
-245
In base 16, what is -5 - 44?
-49
In base 11, what is 2aa - -3?
302
In base 8, what is 141 + 77?
240
In base 15, what is 2a9 - -20?
2c9
In base 16, what is -5 - 5d?
-62
In base 9, what is 18 - -20?
38
In base 8, what is 5 + 306?
313
In base 7, what is -1156 - -3?
-1153
In base 13, what is 5 - 2bc?
-2b7
In base 5, what is 342 - -4?
401
In base 5, what is 202201 - -3?
202204
In base 6, what is -4 - 11245?
-11253
In base 13, what is -a6 - 11?
-b7
In base 3, what is -2 + 10002021?
10002012
In base 8, what is 0 - -155?
155
In base 10, what is 0 - 28?
-28
In base 4, what is -2 - 113?
-121
In base 15, what is 3c + -10?
2c
In base 15, what is 7 - -b4?
bb
In base 15, what is -1583 - 6?
-1589
In base 9, what is -4 + -1088?
-1103
In base 12, what is -2 + 215?
213
In base 13, what is 1a - -2a?
47
In base 4, what is 323 - -11?
1000
In base 12, what is -2546 + -1?
-2547
In base 9, what is -23 + 17?
-5
In base 15, what is -1b + -7?
-23
In base 7, what is 5326 + -5?
5321
In base 2, what is 1100100011 - 10?
1100100001
In base 15, what is 5 + 76?
7b
In base 6, what is -12055 + 5?
-12050
In base 10, what is 11 + 171?
182
In base 16, what is -10 - -14b?
13b
In base 2, what is -1 + -10011?
-10100
In base 7, what is -311 - -1?
-310
In base 10, what is 4 - -47?
51
In base 5, what is 23 + 2140?
2213
In base 16, what is 15 - 489?
-474
In base 10, what is 8 - -75?
83
In base 12, what is 29b - -5?
2a4
In base 4, what is 10 + 0?
10
In base 9, what is -778 + 4?
-774
In base 4, what is 1001 - -2?
1003
In base 8, what is 434 - -2?
436
In base 12, what is b - 1bb?
-1b0
In base 10, what is 0 + -47?
-47
In base 12, what is 100 - -1?
101
In base 5, what is -304331 - -3?
-304323
In base 10, what is -4024 - -4?
-4020
In base 13, what is 1 - -27?
28
In base 6, what is 30 + -13?
13
In base 10, what is 47 + -2?
45
In base 9, what is -37 + 13?
-24
In base 11, what is -3 - -655?
652
In base 3, what is 100200210 + 10?
100200220
In base 8, what is -3206 - 4?
-3212
In base 11, what is -3474 - 2?
-3476
In base 5, what is 4304 - -12?
4321
In base 5, what is 1030 - -1013?
2043
In base 10, what is 112 - -19?
131
In base 2, what is -101011101 + -100?
-101100001
In base 5, what is 211 + 21?
232
In base 6, what is -20345 + 2?
-20343
In base 14, what is -122 - -a?
-116
In base 4, what is 2001 - -2?
2003
In base 9, what is 3 - 0?
3
In base 7, what is -12 - -135?
123
In base 13, what is 17c + 4?
183
In base 12, what is -78 + 27?
-51
In base 12, what is 3 + a4?
a7
In base 2, what is -100 - 111001?
-111101
In base 10, what is -40 + -5?
-45
In base 5, what is 10 - -31414?
31424
In base 11, what is -2 + 26?
24
In base 4, what is -33222 + 10?
-33212
In base 13, what is 5 - -170?
175
In base 13, what is 28 - b?
1a
In base 16, what is -4 + 15?
11
In base 11, what is 26 + 3?
29
In base 6, what is -2 - 135?
-141
In base 2, what is -11 - -110001001?
110000110
In base 10, what is -19 + -17?
-36
In base 2, what is 10011010 - -111?
10100001
In base 4, what is -103 - 12?
-121
In base 14, what is d + -b39?
-b2a
In base 11, what is -2a + -3a4?
-423
In base 3, what is 12 + -122010?
-121221
In base 16, what is -2 + e?
c
In base 6, what is -3021 - 54?
-3115
In base 5, what is 0 - -113340?
113340
In base 15, what is -2d32 + 5?
-2d2c
In base 13, what is 0 - -90?
90
In base 10, what is -3 + 13?
10
In base 13, what is -83 - -2?
-81
In base 15, what is 9 + 18?
22
In base 12, what is 125 - -5?
12a
In base 8, what is 7 - 170?
-161
In base 12, what is 10 - 29?
-19
In base 15, what is -a - -19?
e
In base 15, what is -7a - -a?
-70
In base 13, what is 4 - -2?
6
In base 16, what is b9 - 4?
b5
In base 5, what is -2022 + 14?
-2003
In base 15, what is 1e + 14?
33
In base 12, what is -114 + -19?
-131
In base 2, what is 1001001 - 10?
1000111
In base 8, what is -10127 + 0?
-10127
In base 12, what is 2 - -1b?
21
In base 12, what is 8 + 80?
88
In base 11, what is 1793 + -4?
178a
In base 12, what is -3a2 + 1?
-3a1
In base 13, what is -3 + -b?
-11
In base 2, what is 1 + -10000011?
-10000010
In base 3, what is 12 + -1110?
-1021
In base 4, what is -113000 + 11?
-112323
In 